{"id":27,"date":"2025-06-11T21:27:50","date_gmt":"2025-06-11T19:27:50","guid":{"rendered":"https:\/\/tcg.pl\/?page_id=27"},"modified":"2025-06-12T15:34:48","modified_gmt":"2025-06-12T13:34:48","slug":"o-nas","status":"publish","type":"page","link":"https:\/\/tcg.pl\/index.php\/o-nas\/","title":{"rendered":"Informacje"},"content":{"rendered":"\n<div class=\"wp-block-cover alignfull\" style=\"min-height:320px;aspect-ratio:unset;\"><span aria-hidden=\"true\" class=\"wp-block-cover__background has-nv-site-bg-background-color has-background-dim-100 has-background-dim\"><\/span><div class=\"wp-block-cover__inner-container is-layout-flow wp-block-cover-is-layout-flow\">\n<div class=\"wp-block-group\" style=\"padding-right:var(--wp--preset--spacing--30);padding-left:var(--wp--preset--spacing--30)\"><div class=\"wp-block-group__inner-container is-layout-flow wp-block-group-is-layout-flow\">\n<h1 class=\"wp-block-heading has-text-align-left has-neve-text-color-color has-text-color\">O nas<\/h1>\n<\/div><\/div>\n<\/div><\/div>\n\n\n\n<div class=\"wp-block-cover alignfull\" style=\"min-height:600px;aspect-ratio:unset;\"><span aria-hidden=\"true\" class=\"wp-block-cover__background has-nv-light-bg-background-color has-background-dim-100 has-background-dim\"><\/span><div class=\"wp-block-cover__inner-container is-layout-flow wp-block-cover-is-layout-flow\">\n<div class=\"wp-block-group\"><div class=\"wp-block-group__inner-container is-layout-flow wp-block-group-is-layout-flow\">\n<div style=\"height:80px\" aria-hidden=\"true\" class=\"wp-block-spacer\"><\/div>\n\n\n\n<div class=\"wp-block-columns are-vertically-aligned-center has-neve-text-color-color has-text-color is-layout-flex wp-container-core-columns-is-layout-9d6595d7 wp-block-columns-is-layout-flex\">\n<div class=\"wp-block-column is-vertically-aligned-center is-layout-flow wp-block-column-is-layout-flow\" style=\"padding-right:var(--wp--preset--spacing--30);padding-left:var(--wp--preset--spacing--30);flex-basis:50%\">\n<figure class=\"wp-block-image size-full has-custom-border\"><img decoding=\"async\" src=\"https:\/\/tcg.pl\/wp-content\/themes\/neve\/assets\/img\/starter-content\/neve-marketing-agency-10.png\" alt=\"\" style=\"border-radius:16px\"\/><\/figure>\n<\/div>\n\n\n\n<div class=\"wp-block-column is-vertically-aligned-center is-layout-flow wp-block-column-is-layout-flow\" style=\"padding-top:0;padding-right:var(--wp--preset--spacing--30);padding-bottom:0;padding-left:var(--wp--preset--spacing--30);flex-basis:50%\">\n<p class=\"has-neve-text-color-color has-text-color\">\u015awiadczymy us\u0142ugi w ramach outsourcingu ksi\u0119gowego i kadrowo -p\u0142acowego dla podmiot\u00f3w gospodarczych od ponad 20 lat w\u0142\u0105czaj\u0105c w to sp\u00f3\u0142ki z ograniczon\u0105 odpowiedzialno\u015bci\u0105 z kapita\u0142em zagranicznym i sp\u00f3\u0142ki tworz\u0105ce podatkowe grupy kapita\u0142owe i sp\u00f3\u0142ki podlegaj\u0105ce audytowi finansowemu. Naszymi klientami s\u0105 sp\u00f3\u0142ki jawne , sp\u00f3\u0142ki cywilne i podmioty prowadz\u0105ce indywidualn\u0105 dzia\u0142alno\u015b\u0107 gospodarcz\u0105 . Sporz\u0105dzamy sprawozdania finansowe . Obs\u0142ugujemy Zgromadzenia Wsp\u00f3lnik\u00f3w\/ Udzia\u0142owc\u00f3w.<br>Posiadamy licencj\u0119 Ministra Finans\u00f3w oraz zesp\u00f3l specjalist\u00f3w z zakresu rachunkowo\u015bci , obs\u0142ugi kadr ,p\u0142ac i ZUS, prawa pracy, prawa handlowego i cywilnego ze wsparciem dedykowanego radcy prawnego.<\/p>\n<\/div>\n<\/div>\n\n\n\n<div style=\"height:40px\" aria-hidden=\"true\" class=\"wp-block-spacer\"><\/div>\n<\/div><\/div>\n<\/div><\/div>\n\n\n\n<div class=\"wp-block-cover alignfull\" style=\"min-height:420px;aspect-ratio:unset;\"><span aria-hidden=\"true\" class=\"wp-block-cover__background has-nv-site-bg-background-color has-background-dim-100 has-background-dim\"><\/span><div class=\"wp-block-cover__inner-container is-layout-flow wp-block-cover-is-layout-flow\">\n<div style=\"height:80px\" aria-hidden=\"true\" class=\"wp-block-spacer\"><\/div>\n\n\n\n<div class=\"wp-block-columns is-layout-flex wp-container-core-columns-is-layout-9d6595d7 wp-block-columns-is-layout-flex\">\n<div class=\"wp-block-column ticss-4ce656f1 is-layout-flow wp-block-column-is-layout-flow\" style=\"padding-right:var(--wp--preset--spacing--30);padding-left:var(--wp--preset--spacing--30)\">\n<h3 class=\"wp-block-heading has-text-align-left has-text-align-center has-neve-text-color-color has-text-color\">Dynamiczny zesp\u00f3\u0142 pracownik\u00f3w<\/h3>\n\n\n\n<p class=\"has-text-align-left has-neve-text-color-color has-text-color\">\u0141\u0105czymy nowoczesno\u015b\u0107 (m\u0142ody, dynamiczny zesp\u00f3\u0142 pracownik\u00f3w, nowe technologie komunikacji, nowoczesne oprogramowanie, sta\u0142y kontakt online) z tradycj\u0105 opart\u0105 na wiedzy i do\u015bwiadczeniu w\u0142a\u015bcicieli.<\/p>\n\n\n\n<p class=\"has-text-align-left has-neve-text-color-color has-text-color\">Z satysfakcj\u0105 i pe\u0142nym zaanga\u017cowaniem uczestniczymy w rozwoju i przyczyniamy si\u0119 do sukcesu biznesowego naszych klient\u00f3w.<\/p>\n\n\n\n<div style=\"height:20px\" aria-hidden=\"true\" class=\"wp-block-spacer\"><\/div>\n<\/div>\n\n\n\n<div class=\"wp-block-column ticss-f6fc7494 is-layout-flow wp-block-column-is-layout-flow\" style=\"padding-right:var(--wp--preset--spacing--30);padding-left:var(--wp--preset--spacing--30)\">\n<h3 class=\"wp-block-heading has-text-align-left has-text-align-center has-neve-text-color-color has-text-color\">Najwy\u017csze kwalifikacje zawodowe zespo\u0142u<\/h3>\n\n\n\n<p class=\"has-text-align-left has-neve-text-color-color has-text-color\">Specjalizujemy si\u0119 w kompleksowej obs\u0142udze podmiot\u00f3w gospodarczych we wszelkich formach prawnych od momentu rejestracji podmiotu.&nbsp;<\/p>\n\n\n\n<p class=\"has-text-align-left has-neve-text-color-color has-text-color\">Naszym atutem s\u0105 najwy\u017csze kwalifikacje zawodowe zespo\u0142u zarz\u0105dzaj\u0105cego i dba\u0142o\u015b\u0107 o sta\u0142e podnoszenie poziomu us\u0142ug s\u0142u\u017c\u0105cych satysfakcji naszych klient\u00f3w, co przek\u0142ada si\u0119 na sprawne i efektywne prowadzenie powierzonych nam przez nich spraw.<\/p>\n\n\n\n<div style=\"height:20px\" aria-hidden=\"true\" class=\"wp-block-spacer\"><\/div>\n<\/div>\n\n\n\n<div class=\"wp-block-column ticss-a5b4df29 is-layout-flow wp-block-column-is-layout-flow\" style=\"padding-right:var(--wp--preset--spacing--30);padding-left:var(--wp--preset--spacing--30)\">\n<h3 class=\"wp-block-heading has-text-align-left has-text-align-center has-neve-text-color-color has-text-color\">Rozmawiamy r\u00f3wnie\u017c po angielsku<\/h3>\n\n\n\n<p class=\"has-text-align-left has-neve-text-color-color has-text-color\">Naszymi kluczowymi klientami s\u0105 sp\u00f3\u0142ki z ograniczon\u0105 odpowiedzialno\u015bci\u0105 tak\u017ce z kapita\u0142em zagranicznym i oddzia\u0142y zagranicznych os\u00f3b prawnych, kt\u00f3rym zapewniamy obs\u0142ug\u0119 w j\u0119zyku angielskim.&nbsp;<\/p>\n\n\n\n<p class=\"has-text-align-left has-neve-text-color-color has-text-color\">Wsp\u00f3\u0142pracujemy z czo\u0142owymi licencjonowanymi audytorami m.in.: KPMG, Ernst &amp; Young, PricewaterhouseCoopers, BDO, Grand Thornton.<\/p>\n\n\n\n<div style=\"height:20px\" aria-hidden=\"true\" class=\"wp-block-spacer\"><\/div>\n<\/div>\n<\/div>\n<\/div><\/div>\n\n\n\n<p><\/p>\n","protected":false},"excerpt":{"rendered":"","protected":false},"author":1,"featured_media":0,"parent":0,"menu_order":0,"comment_status":"closed","ping_status":"closed","template":"","meta":{"neve_meta_sidebar":"","neve_meta_container":"","neve_meta_enable_content_width":"on","neve_meta_content_width":100,"neve_meta_title_alignment":"","neve_meta_author_avatar":"","neve_post_elements_order":"","neve_meta_disable_header":"","neve_meta_disable_footer":"","neve_meta_disable_title":"on","footnotes":""},"class_list":["post-27","page","type-page","status-publish","hentry"],"_links":{"self":[{"href":"https:\/\/tcg.pl\/index.php\/wp-json\/wp\/v2\/pages\/27","targetHints":{"allow":["GET"]}}],"collection":[{"href":"https:\/\/tcg.pl\/index.php\/wp-json\/wp\/v2\/pages"}],"about":[{"href":"https:\/\/tcg.pl\/index.php\/wp-json\/wp\/v2\/types\/page"}],"author":[{"embeddable":true,"href":"https:\/\/tcg.pl\/index.php\/wp-json\/wp\/v2\/users\/1"}],"replies":[{"embeddable":true,"href":"https:\/\/tcg.pl\/index.php\/wp-json\/wp\/v2\/comments?post=27"}],"version-history":[{"count":4,"href":"https:\/\/tcg.pl\/index.php\/wp-json\/wp\/v2\/pages\/27\/revisions"}],"predecessor-version":[{"id":69,"href":"https:\/\/tcg.pl\/index.php\/wp-json\/wp\/v2\/pages\/27\/revisions\/69"}],"wp:attachment":[{"href":"https:\/\/tcg.pl\/index.php\/wp-json\/wp\/v2\/media?parent=27"}],"curies":[{"name":"wp","href":"https:\/\/api.w.org\/{rel}","templated":true}]}}